 prime number?
True
Is 529300703 a composite number?
False
Is 30281905 composite?
True
Is 7304901 composite?
True
Is 1549033 prime?
True
Is 470489257 prime?
False
Is 34689367 a prime number?
False
Is 1247201 prime?
False
Is 347467 prime?
False
Is 147466079 prime?
True
Is 54753 prime?
False
Is 8608177 prime?
False
Is 47510977 a composite number?
False
Is 13963 a prime number?
True
Is 115880423 prime?
False
Is 280499 composite?
False
Is 44343163 prime?
True
Is 198199979 a prime number?
False
Is 4774993 a composite number?
False
Is 311365 composite?
True
Is 19881989 a prime number?
False
Is 575089 a prime number?
False
Is 49084817 a composite number?
False
Is 211434949 a prime number?
False
Is 1664927 prime?
False
Is 2371787 prime?
False
Is 6980513 prime?
False
Is 25958683 prime?
False
Is 7238633 a composite number?
False
Is 315671 a prime number?
True
Is 149567345 prime?
False
Is 406351013 prime?
False
Is 10087153 composite?
False
Is 18830893 prime?
True
Is 270980131 prime?
True
Is 31302637 composite?
True
Is 4458581 a composite number?
True
Is 1550771 a prime number?
True
Is 8979409 composite?
False
Is 60685927 composite?
False
Is 10712011 prime?
True
Is 10408841 prime?
False
Is 5862482 prime?
False
Is 1676551 composite?
False
Is 509863 prime?
True
Is 402542863 a composite number?
False
Is 31043939 a composite number?
True
Is 1588967 prime?
False
Is 3158503 composite?
True
Is 4953439 prime?
True
Is 87624937 prime?
True
Is 3356761 prime?
True
Is 4870969 prime?
True
Is 17876867 composite?
False
Is 10360457 prime?
True
Is 93028193 composite?
False
Is 7372411 prime?
True
Is 5921789 prime?
True
Is 7422827 a prime number?
True
Is 1921657 prime?
True
Is 5941121 composite?
False
Is 1010309 prime?
False
Is 359062783 a prime number?
True
Is 124415597 a composite number?
True
Is 3465439 a composite number?
True
Is 1273877 a composite number?
True
Is 32066599 composite?
False
Is 113845 a prime number?
False
Is 10401779 composite?
True
Is 249558733 prime?
True
Is 1976433863 composite?
False
Is 1795363 a prime number?
True
Is 34682041 prime?
True
Is 743027 prime?
True
Is 412842737 prime?
True
Is 81146999 a composite number?
True
Is 5917078 composite?
True
Is 1644739 a prime number?
False
Is 8480869 prime?
False
Is 110486683 a composite number?
True
Is 16675573 a prime number?
True
Is 1844287 prime?
True
Is 375327055 a prime number?
False
Is 44094563 prime?
True
Is 5498609 a prime number?
True
Is 2833889 composite?
False
Is 23744606 a prime number?
False
Is 123894931 a composite number?
True
Is 33196343 a prime number?
True
Is 305123473 prime?
False
Is 199280929 prime?
False
Is 23862941 prime?
False
Is 22847549 prime?
True
Is 160502129 a composite number?
False
Is 10645799 prime?
True
Is 87381617 composite?
True
Is 127074601 composite?
True
Is 32280701 a prime number?
False
Is 186217 a composite number?
True
Is 72710713 a prime number?
False
Is 928307 a prime number?
True
Is 10519607 a composite number?
True
Is 8429287 a composite number?
True
Is 17831909 a prime number?
True
Is 225893483 a composite number?
False
Is 2388649 a prime number?
True
Is 66790015 a prime number?
False
Is 423397 a composite number?
True
Is 313724854 composite?
True
Is 9151237 a prime number?
True
Is 29296873 a prime number?
False
Is 1525801 composite?
True
Is 7410253 composite?
False
Is 9017473 composite?
True
Is 3773401 a composite number?
False
Is 11637217 composite?
True
Is 3432677 a prime number?
True
Is 1647703 composite?
True
Is 531491 prime?
False
Is 157393 a prime number?
True
Is 36504509 a composite number?
False
Is 7721587 a composite number?
True
Is 1856333 a composite number?
False
Is 687782 a composite number?
True
Is 6682187 a prime number?
False
Is 1803185 a composite number?
True
Is 113925453 composite?
True
Is 22229 composite?
False
Is 422793445 a composite number?
True
Is 708789533 prime?
True
Is 1242181 a composite number?
False
Is 920291 prime?
True
Is 66182789 prime?
False
Is 112436191 a composite number?
True
Is 24300847 a composite number?
False
Is 275461331 composite?
False
Is 17847581 a prime number?
True
Is 11508827 a composite number?
True
Is 708613 prime?
False
Is 17040181 composite?
False
Is 149121821 a prime number?
True
Is 106291 a prime number?
True
Is 6905123 composite?
False
Is 8674843 a composite number?
True
Is 331392554 composite?
True
Is 49559459 prime?
True
Is 11332333 composite?
True
Is 945491 composite?
True
Is 15762277 prime?
False
Is 599973403 prime?
True
Is 42918895 a composite number?
True
Is 30723211 prime?
False
Is 908236733 a prime number?
True
Is 381967 composite?
True
Is 27488579 a composite number?
False
Is 376622933 a prime number?
True
Is 134678 a composite number?
True
Is 1200497 a prime number?
False
Is 298810453 prime?
True
Is 404657743 a composite number?
True
Is 760417 a prime number?
False
Is 166026817 a composite number?
True
Is 1816933 composite?
False
Is 52727813 composite?
False
Is 1679503 a composite number?
True
Is 100958093 prime?
True
Is 1600745 prime?
False
Is 525871 a composite number?
False
Is 7694026 composite?
True
Is 6084637 prime?
False
Is 10434029 composite?
False
Is 23119997 a composite number?
True
Is 108826559 a composite number?
True
Is 67315451 prime?
False
Is 3463619 composite?
False
Is 38157043 composite?
True
Is 18076495 a prime number?
False
Is 578461 composite?
True
Is 4556353 a prime number?
False
Is 6610969 prime?
False
Is 1504847 a prime number?
True
Is 809231 a composite number?
False
Is 43286137 a prime number?
False
Is 41839181 composite?
True
Is 255549071 prime?
False
Is 3124102 prime?
False
Is 144617 a composite number?
True
Is 10772117 composite?
True
Is 20472527 a composite number?
True
Is 16999555 a prime number?
False
Is 115579 composite?
True
Is 60422 composite?
True
Is 65362871 a prime number?
False
Is 3210277 prime?
False
Is 347436277 a prime number?
False
Is 3521429 a composite number?
True
Is 17298817 prime?
True
Is 8996782 a prime number?
False
Is 15536153 composite?
False
Is 6532359 composite?
True
Is 24861461 composite?
False
Is 172006591 composite?
True
Is 32203205 composite?
True
Is 3877649 a composite number?
True
Is 1296277 composite?
False
Is 8467579 a prime number?
True
Is 2738389 composite?
False
Is 6219379 a prime number?
True
Is 140373679 a composite number?
False
Is 84340913 composite?
True
Is 294546943 composite?
False
Is 23106799 a prime number?
True
Is 31622699 composite?
False
Is 53781943 a composite number?
True
Is 772273 composite?
False
Is 1574311 a prime number?
True
Is 1114859069 a composite number?
False
Is 3248633 a prime number?
False
Is 27696815 prime?
False
Is 1814023 a prime number?
True
Is 74555587 prime?
True
Is 42731267 prime?
False
Is 30802073 a prime number?
True
Is 7969943 a composite number?
False
Is 83022365 a prime number?
False
Is 735619 composite?
True
Is 26261869 prime?
True
Is 25308269 prime?
False
Is 59383519 a composite number?
True
Is 5740139 a composite number?
False
Is 34667683 a composite number?
False
Is 64966753 composite?
False
Is 6043439 a composite number?
False
Is 1956523 a composite number?
True
Is 198802151 composite?
True
Is 68354491 composite?
True
Is 114921797 a composite number?
False
Is 139525129 a prime number?
True
Is 107333113 prime?
False
Is 499783877 composite?
True
Is 915405043 prime?
False
Is 646189369 composite?
True
Is 2754991 a composite number?
False
Is 11553847 a composite number?
False
Is 18368891 a prime number?
False
Is 31667773 composite?
False
Is 318838601 composite?
True
Is 25692743 a composite number?
False
Is 7298281 a prime number?
True
Is 87606401 a prime number?
False
Is 12759713 prime?
True
Is 45102073 a prime number?
True
Is 4043483 composite?
False
Is 4609883 prime?
False
Is 38735101 prime?
False
Is 956918419 composite?
False
Is 55794871 composite?
True
Is 1683271 a composite number?
False
Is 29357257 a composite number?
False
Is 158048207 composite?
False
Is 226346191 composite?
False
Is 76644251 a prime number?
True
Is 32908801 prime?
True
Is 728140467 prime?
False
Is 2072677 a composite number?
True
Is 1446163 a prime number?
False
Is 121100633 prime?
True
Is 135138323 prime?
True
Is 5742181 composite?
False
Is 468203 composite?
True
Is 1222003 a composite number?
False
Is 24991573 prime?
T